e j(1). Let l(y) = -y**3 - 7*y**2 - 4*y + 7. Give l(f).
-5
Suppose -y = -5*u + 1 + 18, 53 = -5*y + 4*u. Let p = y + 11. Let z(t) = -3*t**3 + t + 2*t**2 + 3*t**p - 6*t**2. Calculate z(1).
-3
Let i(z) be the third derivative of z**6/120 + z**5/20 - z**3/6 - 3*z**2. Suppose 2*h + 6 = 4. Let r be i(h). Let n(p) = 5*p**2 - 1. Calculate n(r).
4
Let z(s) = s**3 - 3*s - 1. Suppose 5*b + 20 = 2*l - 7*l, 5*b + 3*l = -16. Give z(b).
-3
Let a(r) = -r**2 - r + 2. Suppose -v + 3*k = 0, 3*k + 1 = 4*v + 10. Calculate a(v).
-4
Let y(r) be the second derivative of 0*r**2 + 0 + 2/3*r**3 + 2*r - 1/120*r**5 + 0*r**4. Let v(f) be the second derivative of y(f). Give v(-1).
1
Let q(f) = -f**2 + 10*f - 5. Let z be q(9). Suppose 2*h - 8 = z*h. Let t(o) = o**3 + 5*o**2 + 4*o - 1. Give t(h).
-1
Let k(d) be the third derivative of d**5/60 + 7*d**4/24 + 5*d**3/6 - 5*d**2. Calculate k(-5).
-5
Let a(l) = l**3 - 7*l**2 - 2*l + 16. Let r be a(7). Let f(d) = -d**2. Give f(r).
-4
Suppose 0 = -0*b - 2*b + 10. Let d be b/(-3 + (-16)/(-4)). Let z(p) be the second derivative of -p**3/3 + 3*p**2/2 + 2*p. Calculate z(d).
-7
Let t(i) = 5*i**2 + 21*i - 21. Let b(u) = 3*u**2 + 11*u - 11. Suppose 0 = -2*x + 1 - 9. Let p(f) = x*t(f) + 7*b(f). Give p(5).
-3
Let f(u) = 35*u - 68*u + 35*u. Determine f(-5).
-10
Let s(a) be the second derivative of -1/12*a**4 + 2*a**2 + 0 - 5*a + 0*a**3. Calculate s(-3).
-5
Let u(r) = -11*r**2 + 27*r + 4. Let h(v) = 5*v**2 - 13*v - 2. Let a(p) = -13*h(p) - 6*u(p). Let l be a(-7). Let d(s) = 2*s**3 - 4*s**2 + 2*s + 1. Give d(l).
5
Let o(r) = -2*r**2 + 18*r - 13. Let m be o(8). Let k(b) = -b**2 + 3*b + 4. Give k(m).
4
Let g(l) = -l - 2. Let j be (-5)/1*15/25. Let h be g(j). Let r(y) = -3*y - 1. Calculate r(h).
-4
Let u(p) be the second derivative of p**5/20 - p**4/6 - 2*p**3/3 + 3*p**2/2 + 5*p. Suppose 2 - 8 = -3*h. Determine u(h).
-5
Let s = -1 + 1. Let l(d) = 3*d + s*d - 3*d - d. Give l(5).
-5
Let z be ((-4)/(-8) + -2)*-4. Suppose -10*b + 11*b + z = 0. Let s(r) = -r**2 - 5*r + 3. Calculate s(b).
-3
Let q = 14 - 14. Let g(a) = -a**2 + 3*a - 12. Let c(z) = -z**2 + z. Let s(v) = -2*c(v) + g(v). Calculate s(q).
-12
Let d(y) = -2*y**3 - 3*y**2 - 2*y + 1. Let m = -2 - -2. Let i = m + -2. Determine d(i).
9
Let g(b) = -3 - 8*b + 3 + 3*b - 2. Calculate g(3).
-17
Let w = 32 + -23. Let x(z) = -5*z**3 - 2*z**3 + w*z**3 - 3*z**3. What is x(2)?
-8
Suppose 0 = -4*y + y + 3. Let g(p) = 2*p - 1. Give g(y).
1
Let p(r) = r + 20. Let k be p(-17). Let m(j) be the second derivative of 2/3*j**3 + 0 + 1/12*j**4 + 3/2*j**2 + k*j. Calculate m(-4).
3
Let j(y) = 15*y**3 - 2*y**2 + 4*y + 6. Let k(c) = -29*c**3 + 5*c**2 - 9*c - 14. Let a(o) = 7*j(o) + 3*k(o). Give a(-1).
-18
Let j(v) = 2*v - 2. Let b(q) = -3*q + 3. Suppose -12 - 13 = -5*k. Let m(y) = k*j(y) + 4*b(y). Let x = -55 + 58. Give m(x).
-4
Let n = 9 + -4. Let b(x) be the third derivative of x**4/24 - x**3/6 + 2*x**2. What is b(n)?
4
Let d(f) = -f**2 - 8*f + 6. Let c be d(-9). Let t(l) = -6*l**3 + 4*l**2 - 2 + l**3 + 6*l**3. Determine t(c).
7
Let c(u) = u**2 + 3*u + 3. Let w(i) = -i**2 - i + 4. Let s be w(-3). Determine c(s).
1
Suppose -8 - 7 = -5*d. Let s(r) = -2*r**2 + 4*r - 2. Calculate s(d).
-8
Let w = 27 - 23. Let r(m) be the third derivative of 0*m - 1/60*m**5 - 1/120*m**6 + 0 + 1/6*m**3 - m**2 + 0*m**w. Give r(-2).
5
Let n(q) be the first derivative of -q**4/4 - 4*q**3/3 - 3*q**2/2 + q - 4. Calculate n(-4).
13
Let b(o) = -2*o - 1. Let z(k) = -k - 1. Let r(g) = 2*b(g) - 5*z(g). Calculate r(-3).
0
Let n be 8/(-6)*(-15)/(-10). Let h = n + 10. Suppose -5*p + h = -p. Let z(v) = -v**3 - v**2 + 2*v + 1. Give z(p).
-7
Let t(z) = z**3 + 9*z**2 - 9*z + 12. Let f be t(-10). Let h(c) = -2*c - f*c**2 - 2*c - c**3 + 2 - 5. Give h(-2).
5
Let u(z) = -4 + 2 - 2 - z**2 + 4*z. Suppose -80 = -3*n - 2*n. Let t = -12 + n. Calculate u(t).
-4
Let j(l) = 4*l**3 - l. Let g be j(-1). Let a(m) = 4*m**3 + m**2 - m + 3. Let u(w) = 5*w**3 + w**2 + 4. Let h(q) = 4*a(q) - 3*u(q). Give h(g).
-6
Let g(c) = -c**2 - 2*c + 3. Let f be ((-39 - 1)/4)/2. Give g(f).
-12
Let j(l) = l + 2. Let g = 19 - 14. Suppose 5 = -g*i - 5. Calculate j(i).
0
Let j(v) = 2*v**3 - 13*v + 13. Let k(o) = -o**3 + 7*o - 7. Let u(t) = -6*j(t) - 11*k(t). Let h(z) = 7*z**2 + 7*z - 3. Let x(r) = h(r) - u(r). What is x(-6)?
-2
Suppose 0 = 2*x - 6 - 4. Let q = 6 - x. Let f(b) = -2*b**3 - 5*b + 6*b**3 - 3*b**3 + 4*b**2 + q. Give f(-5).
1
Let y(r) be the first derivative of -r**4/4 + 4*r**3/3 + r**2 - 6*r - 9. Let c(h) = h**3 - 4*h**2 + 3*h + 2. Let x be c(3). Let a = 2 + x. Give y(a).
2
Let o(k) = 0*k**3 - 1 + 3 + 2*k**2 - k**3 + 3*k**3. What is o(-2)?
-6
Let t(w) = -15*w + 2. Let r be (-567)/(-12) + 2/(-8). Let b = -34 + r. Let n(a) = 7*a - 1. Let u(y) = b*n(y) + 6*t(y). Give u(0).
-1
Let m(v) = v**3 + 9*v**2 - 11*v - 8. Let a be m(-10). Let s(x) be the second derivative of -x**3/2 + x. Give s(a).
-6
Let w(f) be the first derivative of -f**4/4 - f**3 + 2*f**2 - 5*f - 21. What is w(-4)?
-5
Let p(h) = 4 + 6*h + 5*h + 10*h - 25*h. Calculate p(-4).
20
Suppose -3*i + 5 = 2. Suppose 0 = c - 2 - i. Let g(h) = -h**3 + h**2 - h - 1. Let m(y) = 5*y**3 - 4*y**2 + 11*y + 3. Let v(k) = 6*g(k) + m(k). Give v(c).
3
Suppose c - 4*d - 3 = 0, -c - 4*d + 8 = 5. Let p(h) = -2*h**2 + 4*h - 1. Calculate p(c).
-7
Let y = 31 - 37. Let h(v) be the third derivative of -v**6/120 - v**5/10 + v**4/24 + v**3 - v**2. Give h(y).
0
Suppose -2*b - 3 = -7. Let m(v) = 7*v + v**3 + 5*v + 6*v**b + 4 - 5*v. Determine m(-4).
8
Let j(x) = x**2 - 3*x - 5. Suppose 0 = -2*f + f - 3, 0 = -2*o + 3*f + 27. Let k = o + -4. Suppose -4*g + k = -11. Give j(g).
-1
Let z = 13 - 10. Let k(m) = -3*m - 5*m**z + 2*m - 2*m**3 + 2*m**2. Determine k(1).
-6
Let u be (-1)/(-7) - 1020/(-210). Let q(h) be the second derivative of 0*h**4 + h - 1/6*h**3 - 1/10*h**u + 0 + 0*h**2. Give q(1).
-3
Let k(c) = 2*c**2 - c - 4. Let g be k(-3). Suppose -5*f = 3*r + g, -6 - 9 = 4*f + r. Let d(m) = m**2 + 5*m + 2. Determine d(f).
-2
Let o be 26/(-6) + 6/(-9). Let m(g) = -g**3 - 4*g**2 + 6*g + 1. Give m(o).
-4
Let z = 18 + -9. Suppose l + 4*u - 6 = -0*u, -5*l + u + z = 0. Suppose n = -l*n. Let o(w) = -w + 7. Determine o(n).
7
Suppose 2*h + 2*z - 16 = 0, 4*h - 3*z - 10 - 1 = 0. Let d(u) = -u**2 - 9*u + 2. Let k be d(-9). Let w(l) = 4*l + k + 1 - l**3 - l - h*l**2. What is w(-5)?
-12
Let g(q) be the first derivative of 1/2*q**2 - 2*q - 2. Calculate g(5).
3
Let d(g) be the second derivative of -g**3/2 - 15*g**2/2 + 5*g. Let n be d(-6). Let r(p) = -p**2 + 4*p - 2. Calculate r(n).
1
Let a be (-4)/2 - (1 - 8). Let f(y) = -5*y - 4*y**2 + 7 + 0 - 2*y**3 + 3*y**3. Calculate f(a).
7
Let w(r) = -r**2 - 6*r - 2. Let d be w(-5). Suppose 5*l + 75 = 5*b, 2*b + 2*b = 2*l + 62. Let k(i) = -16*i + b*i - 2 + 1 + i**2. What is k(d)?
8
Let x(l) = l. Let d be 1*(1 - 3) + 2. Suppose d*i + i = -3. Let b = 3 + i. What is x(b)?
0
Let p(t) be the first derivative of -t**2/2 + 15*t + 7. Let r be p(9). Let g(m) = 4*m - 11. Let i(h) = 9*h - 22. Let a(c) = -7*g(c) + 3*i(c). Determine a(r).
5
Let u(l) be the first derivative of l - 1/2*l**2 + 2 + 1/2*l**4 - 1/3*l**3. Give u(1).
1
Let d(z) = z - 6. Suppose -3*v + 2*i + 2*i = 0, 5*v - 3*i = 0. Suppose v = 5*w + 2*n + 19, -35 = 7*w - 3*w - 5*n. What is d(w)?
-11
Let f(i) = -i**3 - 13*i**2 - 6*i + 6. Let z(k) = k**3 + 12*k**2 + 6*k - 6. Let l(n) = -4*f(n) - 5*z(n). Calculate l(-7).
-1
Let o(t) = 5*t - 3. Let h(m) = -m**2 + 2. Let r be h(0). Let i be r/((1 + 1)/2). Calculate o(i).
7
Let q(b) = 2*b**2 + b - 5. Let p(o) = -11*o + 51. Let a be p(5). Determine q(a).
23
Let r(u) = -2 - 2*u + 0*u + 3. Let a be -1*2*6/(-12 + 6). Determine r(a).
-3
Let f = 3 - 5. Let t = f - 0. Let g(n) = -7*n**2 + 6*n + 6. Let k(c) = c**2 - c - 1. Let h(d) = -g(d) - 6*k(d). Give h(t).
4
Let y(o) = o**2 - 4*o + 7. Let p be y(6). Suppose -5*u + 14 = -5*j - 21, -5*j = -u + p. Let i(c) = -u - c + 0 + 6. Calculate i(-2).
4
Let o(n) be the third derivative of 0 + 1/24*n**4 + 1/12*n**5 + 0*n**3 + 2*n**2 + 0*n. What is o(-1)?
4
Let l be (-4)/6*3 + 6. Suppose -3*k - 15 = -3*f, 2*f - 2*k + 4*k + 6 = 0. Suppose -2*s = -y - 2, -l*s = -3*s - y - f. Let x(h) = 6*h. Give x(s).
6
Let m(i) be the first derivative of i**3/3 - 5*i**2/2 - 5*i + 3. Suppose -12 = -w + 1. Let k = -8 + w. Give m(k).
